alse
Does 3657 divide 303712607?
False
Is 480319149 a multiple of 628?
False
Is 827 a factor of 70155845?
False
Does 322 divide 6372126?
False
Is 433610485 a multiple of 2387?
True
Is 10 a factor of 15760120?
True
Is 6 a factor of 18415480?
False
Is 70 a factor of 167407380?
True
Does 7 divide 17112666?
False
Is 77 a factor of 72200359?
True
Does 33 divide 4016859?
True
Is 11 a factor of 56242725?
True
Is 83732208 a multiple of 107?
True
Does 99 divide 793843501?
False
Does 16 divide 872626931?
False
Does 41 divide 6060292?
True
Is 68 a factor of 70526236?
False
Is 503 a factor of 46354468?
True
Is 1343558178 a multiple of 6?
True
Does 510 divide 7873890?
True
Does 34 divide 15625550?
True
Is 122505335 a multiple of 1663?
False
Is 96 a factor of 101270983?
False
Is 41 a factor of 1799940303?
True
Is 48 a factor of 259973472?
True
Is 976248 a multiple of 468?
True
Does 937 divide 4040502?
False
Is 102 a factor of 7612668?
True
Is 1156237200 a multiple of 2265?
True
Does 4 divide 243745322?
False
Is 1433846115 a multiple of 45?
True
Does 5490 divide 258353910?
True
Does 2955 divide 1855488825?
True
Is 90 a factor of 68389380?
True
Is 17 a factor of 100465512?
True
Is 304 a factor of 518586608?
True
Is 5771619291 a multiple of 4481?
False
Is 1216 a factor of 65699264?
True
Is 4764441546 a multiple of 6306?
True
Is 5 a factor of 5371950?
True
Does 898 divide 1766265195?
False
Does 8 divide 78678523?
False
Does 37 divide 28326238?
True
Does 359 divide 1406612619?
True
Does 13 divide 1833625569?
False
Does 418 divide 112237373?
False
Is 3647 a factor of 181816815?
False
Is 1110 a factor of 67854842?
False
Is 718 a factor of 103873778?
True
Does 11 divide 448884450?
False
Does 6711 divide 606300590?
False
Does 21 divide 51055515?
True
Is 24958553 a multiple of 1703?
False
Is 507 a factor of 14632265?
False
Does 784 divide 3619735056?
True
Does 171 divide 43199559?
True
Is 3325 a factor of 402211950?
True
Is 356896800 a multiple of 248?
True
Is 14 a factor of 149539887?
False
Is 27 a factor of 1397091780?
True
Is 273614095 a multiple of 127?
False
Is 53077975 a multiple of 357?
False
Is 1318 a factor of 3941633206?
True
Does 655 divide 2232959845?
True
Does 19 divide 472699784?
True
Is 534 a factor of 23058658?
False
Is 45 a factor of 1296314280?
True
Is 106449015 a multiple of 5?
True
Is 57 a factor of 1774882701?
True
Does 72 divide 95241744?
True
Does 689 divide 118108440?
False
Does 20 divide 20659517?
False
Is 93 a factor of 1228258017?
False
Does 17 divide 6594368?
True
Is 92 a factor of 243159588?
True
Is 80192858 a multiple of 14?
False
Does 95 divide 142963030?
True
Does 4571 divide 675932054?
True
Is 598603266 a multiple of 925?
False
Does 4 divide 7058480?
True
Is 8 a factor of 127346824?
True
Is 16 a factor of 2445755600?
True
Is 543372470 a multiple of 21?
False
Does 73 divide 19222154?
False
Is 657 a factor of 156846021?
False
Does 16 divide 4220976?
True
Is 197395435 a multiple of 5?
True
Does 94 divide 31779990?
True
Does 1168 divide 5108832?
True
Is 275762799 a multiple of 27?
True
Is 137006105 a multiple of 2562?
False
Does 103 divide 50653320?
False
Is 45980910 a multiple of 1455?
True
Is 95 a factor of 947990940?
True
Does 1408 divide 406489221?
False
Is 4563654 a multiple of 6?
True
Is 119951524 a multiple of 14?
True
Does 18 divide 347033592?
True
Is 35542663 a multiple of 2?
False
Is 76678891 a multiple of 35?
False
Is 95776050 a multiple of 15?
True
Is 5 a factor of 329696?
False
Is 1826 a factor of 1062655308?
True
Is 4761564340 a multiple of 4420?
True
Does 1139 divide 40129723?
False
Does 63 divide 637318634?
False
Is 44755431 a multiple of 5?
False
Is 128 a factor of 54669824?
True
Is 44626842 a multiple of 11?
False
Does 1150 divide 41079150?
True
Is 2968 a factor of 28863800?
True
Is 4704 a factor of 953204448?
True
Does 123 divide 1444143?
True
Is 39 a factor of 2103736050?
True
Is 3295901687 a multiple of 92?
False
Does 86 divide 9467559?
False
Does 705 divide 171671229?
False
Is 130 a factor of 2759396390?
False
Is 426 a factor of 8533415?
False
Does 106 divide 235938934?
True
Does 25 divide 48802700?
True
Is 477 a factor of 36021609?
True
Is 99586867 a multiple of 61?
False
Does 79 divide 3368882274?
False
Is 7953148 a multiple of 85?
False
Does 14 divide 84381862?
False
Does 3 divide 4344450?
True
Does 287 divide 59951739?
False
Is 327132244 a multiple of 97?
False
Does 1492 divide 69397978?
False
Is 778457438 a multiple of 17?
True
Is 16024408 a multiple of 44?
False
Does 1971 divide 835384698?
True
Is 8939677 a multiple of 31?
False
Does 22 divide 2389640?
True
Is 5 a factor of 154379870?
True
Does 15 divide 61564317?
False
Does 235 divide 15712335?
True
Does 20 divide 447972116?
False
Does 1267 divide 653858454?
False
Does 4 divide 643272551?
False
Is 62854078 a multiple of 322?
True
Is 24951432 a multiple of 15?
False
Does 27 divide 111671730?
True
Is 4 a factor of 58840968?
True
Does 984 divide 2164558920?
True
Is 38334080 a multiple of 1356?
False
Is 25 a factor of 932486357?
False
Does 170 divide 243539938?
False
Is 69392909 a multiple of 59?
True
Is 99253961 a multiple of 54?
False
Is 14679100 a multiple of 100?
True
Does 15 divide 1002922590?
True
Is 15 a factor of 2676142802?
False
Does 1795 divide 585105656?
False
Does 17 divide 132042413?
False
Is 25 a factor of 47663602?
False
Does 4 divide 9086866?
False
Is 49 a factor of 18119314?
False
Is 25 a factor of 32958390?
False
Does 166 divide 1825525406?
True
Is 4647534 a multiple of 4?
False
Is 119 a factor of 769940?
False
Does 2846 divide 1764298012?
True
Is 178450453 a multiple of 75?
False
Is 55 a factor of 222134768?
False
Is 3616 a factor of 1201962016?
True
Is 38935026 a multiple of 111?
True
Does 2 divide 4535933?
False
Is 164973425 a multiple of 156?
False
Is 8189 a factor of 806207050?
True
Is 4116034 a multiple of 23?
True
Is 12579292 a multiple of 451?
True
Is 21 a factor of 28889406?
True
Is 145762263 a multiple of 151?
True
Does 182 divide 27353326?
True
Does 2753 divide 73667527?
True
Does 311 divide 373092565?
False
Is 1801 a factor of 503282469?
False
Does 100 divide 13841900?
True
Does 6 divide 35116788?
True
Is 95346416 a multiple of 166?
True
Does 810 divide 16360380?
True
Is 309 a factor of 31827005?
False
Is 23860062 a multiple of 609?
False
Does 1242 divide 51214530?
False
Does 10 divide 66948450?
True
Is 485 a factor of 111269670?
True
Does 1149 divide 84058542?
True
Does 85 divide 237294537?
False
Is 14939604 a multiple of 414?
True
Is 5915 a factor of 778443575?
True
Is 791 a factor of 639327191?
False
Does 18 divide 12470490?
True
Does 77 divide 17053190?
True
Does 2476 divide 8090998520?
True
Is 1251999518 a multiple of 357?
False
Does 25 divide 23407750?
True
Does 982 divide 509406608?
True
Is 2790548976 a multiple of 48?
True
Does 52 divide 66474?
False
Is 26 a factor of 170389674?
True
Does 21 divide 39279618?
True
Is 354370221 a multiple of 27?
True
Does 426 divide 651451554?
True
Is 1620622599 a multiple of 11707?
False
Does 56 divide 2233854?
False
Does 4093 divide 495899694?
True
Is 1294 a factor of 1064858593?
False
Is 67438645 a multiple of 632?
False
Is 24 a factor of 356273781?
False
Does 444 divide 27144107?
False
Is 13571300 a multiple of 336?
False
Is 26 a factor of 45232018?
True
Is 60 a factor of 19663560?
True
Is 12 a factor of 279878516?
False
Is 24821109 a multiple of 22?
False
Does 552 divide 23340768?
True
Does 47 divide 37211451?
True
Does 20 divide 41012531?
False
Is 9643 a factor of 3370460895?
False
Is 5 a factor of 1601431?
False
Is 1111347783 a multiple of 4641?
True
Is 5203770690 a multiple of 8895?
True
Does 4 divide 168876408?
True
Is 7171786 a multiple of 5?
False
Is 9 a factor of 1965816?
True
Is 4 a factor of 8743351?
False
Is 478 a factor of 2852764129?
False
Is 1698916802 a multiple of 319?
True
Does 2172 divide 810483972?
True
Is 9 a factor of 13658235?
False
Is 21126995 a multiple of 5?
True
Does 9 divide 20379054?
False
Is 8864952 a multiple of 12?
True
Is 20805514 a multiple of 61?
True
Is 276 a factor of 21381996?
True
Is 585 a factor of 988325910?
True
Is 293632526 a multiple of 14?
False
Is 209515812 a multiple of 418?
True
Is 4925301 a multiple of 208?
False
Does 48 divide 149717930?